-8)*(-22)/33?
2
Suppose -2*m + 15 = v + 4*v, m = 3*v - 9. What is the tens digit of (64 - -3) + (v - (0 - 0))?
7
Let c = -14 - -29. Suppose -8*n = -9*n + 2. What is the units digit of (n/(-4))/(c/(-30))?
1
Suppose 32*w = 35*w - 9216. What is the tens digit of w?
7
Let h(s) = 278*s - 275. What is the tens digit of h(7)?
7
Let d = -49 - -51. Suppose -63 = -d*s + 115. What is the units digit of s?
9
Let d(n) be the third derivative of -2*n**2 + 0 + 1/60*n**5 + 0*n - n**3 - 1/24*n**4. What is the units digit of d(6)?
4
Suppose 0 = -4*l + 1169 + 107. What is the units digit of l?
9
Suppose -5*x = 4*k - 2097, k + 4*x - 55 = 472. What is the units digit of k?
3
Suppose 5*i = -4*p - 67, -4*i = i + 3*p + 64. Let z = 21 + i. What is the units digit of z?
0
Suppose -s + 1 = -5. Let z(w) = -w**2 - 1 + 5*w - 7*w + 17*w. What is the tens digit of z(s)?
5
Let q = 268 + -214. What is the units digit of q?
4
Let o = -1519 + 2999. Suppose -l - o = -11*l. What is the hundreds digit of l?
1
Let d(a) be the first derivative of a**4/12 + 5*a**3/3 + a**2 - 3*a + 6. Let f(h) be the first derivative of d(h). What is the units digit of f(-12)?
6
Let q = -59 - -60. What is the tens digit of (1/((-2)/218))/((-1)/q)?
0
Let o = 2129 + -1115. What is the thousands digit of o?
1
Suppose -3*b + h + 5194 = -b, 0 = 5*h. What is the thousands digit of b?
2
Let z(l) = 6 - 5 - 3*l - 5. Let a be z(-4). Suppose 4*q - a*q = -96. What is the units digit of q?
4
Suppose 3*k + 5*n = 911, -n + 3*n + 4 = 0. Let x = k + -210. What is the units digit of x?
7
Suppose 0 = -2*p + p - 51. Let x = -25 - p. Let s = x - -19. What is the units digit of s?
5
Suppose v + 6 = d, 2 = 2*d + 3*v + 10. Suppose 0 = d*g - 5*q - 7 - 28, 41 = 2*g - 3*q. What is the units digit of g?
5
Let r = 1602 - 900. What is the tens digit of r?
0
Let u(p) = -p**3 - 2*p**2 + 788. What is the tens digit of u(0)?
8
Let a = -8 + 27. Let d = 74 - a. What is the units digit of d?
5
Suppose -64 = 5*h + 41. Let x = 24 + h. Suppose 0 = x*d + 2*f - 140, 0 = -2*d - 3*f - 2*f + 86. What is the tens digit of d?
4
Suppose 0 = 8*l + 1848 - 464. Let m = 305 + l. What is the tens digit of m?
3
Let w be 1*(0 - -1 - -3). Let m be (0/w)/(-2) + 3. Suppose -u + 4*n + 2 = 10, -m*n + 36 = 3*u. What is the units digit of u?
8
Let w be (1/3)/((-4)/(-252)). Let s be (-2)/(-7) - 6/w. Suppose -3*k + 43 + 2 = s. What is the units digit of k?
5
Suppose 0 = -5*i + 4*t + 667, 7*i - 411 = 4*i - 3*t. Let a be 2/(-15) - 2412/i. What is the units digit of (-8)/a*126/28?
2
Suppose -5*y = v - 505, -y + 3*v = -2*y + 101. Suppose 32*p - 310 = -1814. Let z = p + y. What is the tens digit of z?
5
Let u be 6*2/18*(-5 + -4). What is the tens digit of 1/u - 7/(126/(-4233))?
3
What is the hundreds digit of 451 - 2/8*20?
4
Suppose 949*y + 3400 = 951*y. What is the tens digit of y?
0
Suppose 10 = y - 8. Let h = y - 16. Suppose -h*c - 60 = -7*c. What is the units digit of c?
2
Let r(z) = -z - 14. Let j be r(-10). Let g = -45 - -25. What is the units digit of 2/j*(g + -2)?
1
Let g be -5*(5 - (-16)/(-4)). Let t(f) be the second derivative of f**5/20 + 2*f**4/3 + f**3 + f**2/2 - 3*f. What is the tens digit of t(g)?
4
Let h(l) = 4*l**2 + 2*l - 1. What is the units digit of h(-11)?
1
Let x(o) = -o**3 - 12*o**2 - o - 10. Let h be x(-12). Suppose -3*z + 5 = -h*z - 3*w, -77 = -5*z + 2*w. What is the units digit of z?
7
Let u = -4 + 10. Suppose 0 = i + u - 2. What is the tens digit of 32/4 - (i - -2)?
1
Let h(s) = s**2 - s + 90. Let o be h(0). Suppose 0 = 3*y - o - 21. Suppose 34*j - y*j = -108. What is the tens digit of j?
3
Let a be (11 - 13)*(2 + 0). Let g(n) = 10*n**2 + 6*n + 2. What is the hundreds digit of g(a)?
1
Suppose -19*p + 7065 = -4*p. What is the hundreds digit of p?
4
What is the units digit of (5 + (-2516)/12)/((-4)/6)?
7
Suppose -6*p + 3282 = -3*p. What is the hundreds digit of p?
0
Let t(r) = r + 4. Let p be t(-5). Let u be (-4 - 21) + -2 + p. Let w = -16 - u. What is the units digit of w?
2
What is the units digit of (213696/12)/6 - 3?
5
Suppose 5*j + 5*p = 2500, 491 = j - 2*p - 0*p. What is the tens digit of j?
9
Let k = -83 + 238. Let g be (k/(-2))/(3/(-6)). Suppose g = 5*d - f, -3*d = 2*f - 125 + 19. What is the units digit of d?
2
Suppose 5 = 2*k + 5*q - 14, -2*q = 5*k + 5. What is the tens digit of 2/k*1 + 2514/18?
3
Let v(x) = x**2 - 14*x + 15. Let w be v(13). Suppose -2*u + k - 2*k = 20, w*u - 2*k + 8 = 0. What is the tens digit of ((-60)/48)/(1/u)?
1
Suppose 0 = -2*i + b + 513, -35*b + 37*b = 3*i - 770. What is the hundreds digit of i?
2
Let l = -14 + 18. Suppose -l*f = -4*g + 249 + 7, 3*f + 260 = 4*g. What is the tens digit of g?
6
Suppose -2020 + 283 = 3*d. Let f be 2/(-8) + d/(-12). Suppose -5*o - 3 = -f. What is the units digit of o?
9
Suppose -688 = 7*q - 15*q. Suppose -j + 4*v = -q, 77 + 113 = 3*j + 5*v. What is the units digit of j?
0
Let f = 4 + -8. Let s be 26/f + 21/14. Let x = s - -10. What is the units digit of x?
5
Suppose 16*g - 9*g - 126 = 0. Let v = 25 + g. What is the tens digit of v?
4
Suppose -4*n = -7*n + 108. Suppose 2*j + n - 228 = 0. What is the tens digit of j?
9
Suppose 29 = -4*b - 5*n, -5*b = -n + 19 + 39. Let z = 26 - 13. Let g = z - b. What is the tens digit of g?
2
Suppose 4 = 2*k, -3*p - 3*k = 2*p - 2046. Suppose -4*a + p = -172. What is the units digit of a?
5
Let t be 0/4 + -49*1. Let p = -5 - t. What is the units digit of p?
4
Suppose u + 30 - 9 = 5*r, 0 = 4*r - 20. Suppose -3*d = 2*v + 18 - 184, -5*d + u*v = -240. What is the units digit of d?
2
Suppose 3*v + 0*v = x - 23, 0 = 5*v + 3*x + 15. Let b(k) = -k**3 - 4*k**2 + 5*k + 2. What is the units digit of b(v)?
4
Let a be 4/3*33/22. Suppose a*k = 2, -4*c - k = k - 138. What is the units digit of c?
4
What is the tens digit of 5*26 + (-7 - (-4 + 2))?
2
Let b be -6 + 9 + (-8)/2. Let d be -4*b/(-4)*11. Let s(o) = o**2 + 12*o + 12. What is the units digit of s(d)?
1
Let u = 4 + -2. Suppose 0 = -z + o + 23, u*z - o + 17 = 3*z. Suppose -2*c - z = -4*c. What is the tens digit of c?
1
Let w = -3 + 7. Let r be 0/(-1) + -1 + 7 - 1. Suppose 3*i - 61 = -r*k, -91 = -w*i + 5*k - 2*k. What is the tens digit of i?
2
Let g = -6 - -4. Let v(d) = -d + 3*d**3 - 1 + 2*d - 6*d**3 + d. What is the units digit of v(g)?
9
Let d = 16 + 1303. What is the hundreds digit of d?
3
Let x be (-48)/(-264) - 260/(-22). What is the tens digit of 2/6 - (-524)/x?
4
Let i be (85/15 - 4)/(2/(-6)). What is the tens digit of (-28)/140 - 991/i?
9
Let x(f) = -f + 22. Let l be x(6). Suppose 0 = -i + 27 + l. What is the tens digit of i?
4
Suppose -10192 = -24*m + 9296. What is the hundreds digit of m?
8
Let z be ((-5)/2)/((-4)/8). Suppose -v + z*v = 0. Suppose v*l + l - 3 = 0. What is the units digit of l?
3
Let y(p) = -19*p**3 + 2*p**2 + 3*p + 1. Suppose 2*f - 3*j - 2 = -j, 0 = -3*f - 5*j - 13. What is the tens digit of y(f)?
1
Suppose -37128 = 17*f - 24*f. What is the thousands digit of f?
5
Let s = -22 - -28. Suppose -s*y - 776 = -10*y. What is the units digit of y?
4
Let i(h) = h**3 - 4*h**2 + 2*h - 3. Let p be i(3). Let x be p/(-15) - (-792)/20. Let q = 66 - x. What is the units digit of q?
6
Suppose 2*f - 1359 = 3*c, c = -f + 4*c + 675. What is the units digit of f?
4
Suppose 0 = 8*s - 4*s - 8. Suppose 5*h = -5*d + 75, -s*d - 5*h + 25 = -20. What is the tens digit of d?
1
Let p = -226 - -105. What is the tens digit of (0 + p)/(2/(-4))?
4
Let k(j) = j**2 - 3*j + 20. Suppose -5*p - 4*w - 25 = -5, -25 = 5*w. What is the tens digit of k(p)?
2
Let d be 3 - (-2 + -1 - -1). Let a be ((-9)/6)/(d/(-10)). Suppose 2*o - 53 = -a. What is the tens digit of o?
2
Let w = 2568 - 1298. What is the hundreds digit of w?
2
Let j(c) = 2*c**2 - 18*c + 28. Let g be j(12). Let x = g + -46. What is the units digit of x?
4
Let y(q) = 3*q**2 + 3. Suppose -4*j - 113 = 3*k, 0*k - 4*j = -4*k - 104. Let c = 29 + k. What is the tens digit of y(c)?
1
Let v(d) = 2*d. Let c be v(0). Suppose c = -6*m + 502 - 148. What is the tens digit of m?
5
Let k(s) be the first derivative of 41*s**2 - 10*s + 8. Let b be k(4). Suppose z + 5*z - b = 0. What is the units digit of z?
3
Let c = 6 + -4. Suppose c*l + 3*l = 10. Suppose 2*r - 18 = -l*b, -4*b = b + 3*r - 51. What is the tens digit of b?
1
Suppose -5*w + 4 = -6. Suppose 0 = b - 3, w*k = -2*k - 